4?
0
What is the thousands digit of 5566676?
6
What is the units digit of 982110675?
5
What is the ten thousands digit of 375952589?
5
What is the ten millions digit of 40383179?
4
What is the ten thousands digit of 740292586?
9
What is the hundreds digit of 342093469?
4
What is the thousands digit of 10990655?
0
What is the units digit of 139856222?
2
What is the hundreds digit of 205475813?
8
What is the hundreds digit of 23273091?
0
What is the ten thousands digit of 1104292967?
9
What is the ten thousands digit of 72688083?
8
What is the units digit of 2302024237?
7
What is the hundreds digit of 500493661?
6
What is the hundred thousands digit of 528600126?
6
What is the thousands digit of 198958587?
8
What is the thousands digit of 64907390?
7
What is the hundred millions digit of 2043813005?
0
What is the ten thousands digit of 799608302?
0
What is the hundreds digit of 2084018835?
8
What is the tens digit of 265902221?
2
What is the units digit of 2303020442?
2
What is the millions digit of 79352979?
9
What is the thousands digit of 60362918?
2
What is the ten millions digit of 12418485?
1
What is the hundreds digit of 3437568788?
7
What is the units digit of 29053856?
6
What is the ten thousands digit of 209515981?
1
What is the tens digit of 15935304?
0
What is the tens digit of 6964642?
4
What is the millions digit of 262555430?
2
What is the ten thousands digit of 104601169?
0
What is the ten millions digit of 158368112?
5
What is the hundreds digit of 102888735?
7
What is the units digit of 30690271?
1
What is the ten millions digit of 32704726?
3
What is the units digit of 31707515?
5
What is the ten millions digit of 41911227?
4
What is the millions digit of 1552316686?
2
What is the units digit of 803057638?
8
What is the ten millions digit of 194413988?
9
What is the hundred millions digit of 701182513?
7
What is the ten thousands digit of 7957867991?
6
What is the billions digit of 1038487963?
1
What is the millions digit of 1675952923?
5
What is the ten thousands digit of 113750677?
5
What is the units digit of 119783449?
9
What is the tens digit of 27643146?
4
What is the hundred millions digit of 3455895947?
4
What is the ten millions digit of 292777083?
9
What is the thousands digit of 268161892?
1
What is the hundreds digit of 2021446572?
5
What is the ten millions digit of 14830934?
1
What is the hundred millions digit of 496065490?
4
What is the hundreds digit of 15295701?
7
What is the hundreds digit of 48222444?
4
What is the units digit of 680651903?
3
What is the ten millions digit of 40954344?
4
What is the ten millions digit of 112345264?
1
What is the tens digit of 91281760?
6
What is the units digit of 134463066?
6
What is the units digit of 209442671?
1
What is the units digit of 2195785338?
8
What is the millions digit of 685586495?
5
What is the tens digit of 40025624?
2
What is the thousands digit of 21365204?
5
What is the tens digit of 89265522?
2
What is the tens digit of 325342282?
8
What is the tens digit of 551097473?
7
What is the billions digit of 1243776741?
1
What is the billions digit of 1233773420?
1
What is the ten thousands digit of 2109962126?
6
What is the ten millions digit of 34227461?
3
What is the hundreds digit of 2234560060?
0
What is the ten thousands digit of 242305866?
0
What is the tens digit of 32415416?
1
What is the tens digit of 614435358?
5
What is the ten millions digit of 1430613288?
3
What is the millions digit of 1266013117?
6
What is the tens digit of 532285833?
3
What is the units digit of 1584774389?
9
What is the tens digit of 133292573?
7
What is the tens digit of 423167560?
6
What is the millions digit of 69412545?
9
What is the millions digit of 83957163?
3
What is the hundred millions digit of 7349757834?
3
What is the ten millions digit of 5365078933?
6
What is the hundred thousands digit of 2155385567?
3
What is the units digit of 48489943?
3
What is the ten millions digit of 92833401?
9
What is the millions digit of 559611452?
9
What is the hundreds digit of 516821617?
6
What is the tens digit of 307749866?
6
What is the hundred thousands digit of 1413421335?
4
What is the tens digit of 5183299?
9
What is the ten thousands digit of 28292474?
9
What is the units digit of 3169257588?
8
What is the tens digit of 44290754?
5
What is the hundred thousands digit of 303269291?
2
What is the hundred thousands digit of 1607905095?
9
What is the ten thousands digit of 26822261?
2
What is the hundreds digit of 227205775?
7
What is the hundred thousands digit of 5734297?
7
What is the ten thousands digit of 75508726?
0
What is the hundreds digit of 61066125?
1
What is the ten millions digit of 6697605337?
9
What is the ten millions digit of 50294457?
5
What is the hundred millions digit of 1030847152?
0
What is the hundred thousands digit of 454399234?
3
What is the hundred thousands digit of 86713280?
7
What is the tens digit of 2610058392?
9
What is the ten thousands digit of 2425096711?
9
What is the hundred thousands digit of 3445137223?
1
What is the millions digit of 605625530?
5
What is the millions digit of 1719100624?
9
What is the hundreds digit of 62667939?
9
What is the thousands digit of 26887709?
7
What is the hundreds digit of 74167834?
8
What is the ten thousands digit of 982978927?
7
What is the tens digit of 27986953?
5
What is the ten millions digit of 105912361?
0
What is the units digit of 10665534?
4
What is the ten millions digit of 298428163?
9
What is the thousands digit of 45707220?
7
What is the ten thousands digit of 4376581726?
8
What is the billions digit of 2196010334?
2
What is the tens digit of 48851139?
3
What is the units digit of 863310607?
7
What is the ten millions digit of 238384789?
3
What is the millions digit of 176082597?
6
What is the thousands digit of 41212213?
2
What is the hundreds digit of 326770431?
4
What is the units digit of 3754715?
5
What is the hundreds digit of 10278559?
5
What is the thousands digit of 2254304434?
4
What is the hundreds digit of 8350903?
9
What is the ten thousands digit of 565505353?
0
What is the hundred thousands digit of 1909155536?
1
What is the units digit of 135880925?
5
What is the ten millions digit of 20478534?
2
What is the tens digit of 200445047?
4
What is the ten millions digit of 51329150?
5
What is the thousands digit of 60787365?
7
What is the millions digit of 104093410?
4
What is the ten millions digit of 77504935?
7
What is the thousands digit of 2765270309?
0
What is the thousands digit of 8343605?
3
What is the units digit of 170839049?
9
What is the units digit of 267126937?
7
What is the units digit of 110100425?
5
What is the tens digit of 290189667?
6
What is the ten millions digit of 44437095?
4
What is the ten millions digit of 114347092?
1
What is the thousands digit of 2548924?
8
What is the thousands digit of 2301692948?
2
What is the hundred thousands digit of 93824285?
8
What is the thousands digit of 1735470?
5
What is the tens digit of 263556444?
4
What is the ten thousands digit of 445487823?
8
What is the tens digit of 659962342?
4
What is the ten thousands digit of 112357353?
5
What is the hundred thousands digit of 1893905091?
9
What is the hundreds digit of 104157520?
5
What is the units digit of 55951441?
1
What is the hundred millions digit of 2897979237?
8
What is the hundreds digit of 674955977?
9
What is the ten millions digit of 118741921?
1
What is the units digit of 817961699?
9
What is the ten thousands digit of 262989988?
8
What is the hundred thousands digit of 1872312789?
3
What is the tens digit of 999058934?
3
What is the hundred thousands digit of 15833178?
8
What is the ten thousands digit of 893369835?
6
What is the ten thousands digit of 29378339?
7
What is the hundred thousands digit of 92642700?
6
What is the tens digit of 80731084?
8
What is the millions digit of 1673612812?
3
What is the ten thousands digit of 1023066953?
6
What is the hundred millions digit of 220001816?
2
What is the hundred thousands digit of 165758661?
7
What is the ten thousands digit of 662199887?
9
What is the tens digit of 87635161?
6
What is the ten millions digit of 693687675?
9
What is the hundred thousands digit of 542603527?
6
What is the hundreds digit of